se 6.
-2052021
-346398 (base 10) to base 9
-577146
What is 62a476 (base 12) in base 10?
1552410
What is -200140524 (base 6) in base 13?
-910cc6
Convert 80648 (base 11) to base 5.
12233111
331464 (base 7) to base 14
172db
What is -15402 (base 15) in base 4?
-100230302
What is -14323034 (base 5) in base 14?
-3d39a
What is -120211001 (base 3) in base 10?
-11530
What is 207846 (base 14) in base 9?
2051077
Convert 67161 (base 15) to base 8.
1200013
What is 1980a (base 16) in base 11?
71532
66a8885 (base 11) to base 4
230311210333
What is 10162003 (base 7) in base 4?
3100312111
Convert -1001101110101001000 (base 2) to base 12.
-1345a0
What is 24412600 (base 7) in base 16?
216403
What is 39a32b (base 12) in base 16?
e8253
1253044424 (base 6) to base 10
14982784
840869 (base 10) to base 2
11001101010010100101
Convert 244030 (base 8) to base 3.
11021012211
Convert -27c0a (base 14) to base 4.
-120001202
Convert 32302321022 (base 4) to base 2.
1110110010111001001010
What is 48b686 (base 13) in base 5?
421121301
Convert 109a42 (base 12) to base 15.
53b9e
-45631b (base 15) to base 14
-622bb2
Convert -2894243 (base 11) to base 7.
-60143424
Convert 30841 (base 15) to base 13.
54c8b
What is 110110111110110100 (base 2) in base 16?
36fb4
-52423501 (base 7) to base 4
-100320221032
-1324220314 (base 5) to base 2
-1100110010001100100110
What is -120a78 (base 12) in base 11?
-18a296
-677473 (base 16) to base 12
-232b757
Convert -65005 (base 7) to base 11.
-11130
What is 1100110001101110100 (base 2) in base 10?
418676
12001001000 (base 3) to base 10
99171
-101011000011000001100 (base 2) to base 10
-1410572
Convert -1241232021 (base 5) to base 8.
-13555646
-403024252 (base 6) to base 10
-6861992
What is 11122221111212 (base 3) in base 12?
9b6712
Convert -14062 (base 11) to base 8.
-47101
-355334224 (base 6) to base 15
-8c52a1
What is 202cc (base 15) in base 4?
120320010
359338 (base 13) to base 4
10313301103
What is 58a466 (base 13) in base 8?
10024443
What is -22522 (base 6) in base 10?
-3218
What is 2b1302 (base 12) in base 16?
b1b72
Convert 5544133 (base 7) to base 4.
2212311001
-1220010113 (base 4) to base 15
-86478
Convert 335541 (base 7) to base 10.
59613
Convert -1052540252 (base 6) to base 7.
-200503361
-13201301030 (base 4) to base 12
-7b1b78
-7397a9 (base 11) to base 8
-4410741
9d56dc (base 14) to base 3
101002001120011
What is -22a130 (base 15) in base 8?
-6236404
What is 546b6d (base 16) in base 10?
5532525
Convert 2c903 (base 16) to base 10.
182531
What is 175448 (base 13) in base 7?
4645352
Convert 3017847 (base 9) to base 13.
4433c8
What is 3788a9 (base 14) in base 4?
13101112011
-1336640 (base 7) to base 4
-223113311
Convert -1622064 (base 7) to base 13.
-7ac79
What is 200e78 (base 16) in base 9?
3851744
What is 1c661 (base 13) in base 5?
3243033
-8424ac (base 13) to base 10
-3089800
Convert -4e20c (base 15) to base 12.
-100970
What is -623551 (base 9) in base 7?
-3100606
Convert 2d72a (base 15) to base 13.
51a39
400024014 (base 5) to base 8
5757143
What is 10201022120 (base 3) in base 7?
423132
What is 1246642 (base 8) in base 12?
14916a
Convert 6803275 (base 9) to base 5.
1414212310
Convert 126739 (base 10) to base 16.
1ef13
What is 3117047 (base 8) in base 10?
826919
Convert -1613a (base 14) to base 6.
-1103120
What is -1823363 (base 10) in base 13?
-4bac19
141624 (base 13) to base 7
4104003
What is 556404 (base 9) in base 5?
41122002
-792482 (base 10) to base 7
-6510305
What is -54036 (base 8) in base 11?
-15a48
29fe (base 16) to base 13
4b7c
25770 (base 11) to base 8
107775
1001111001001011110100 (base 2) to base 13
6ca63b
Convert -10011100010001 (base 2) to base 16.
-2711
-6081164 (base 9) to base 16
-317812
10012020 (base 4) to base 11
11671
Convert 874425 (base 10) to base 14.
18a94d
-67869a (base 15) to base 16
-4b5d70
Convert 180c0d (base 14) to base 2.
11001110111010011101
What is -433111 (base 7) in base 2?
-10010011011111101
What is 1d7c1 (base 15) in base 16?
17800
What is 10010001001000010 (base 2) in base 13?
27a8b
-389933 (base 10) to base 6
-12205125
164105 (base 10) to base 4
220010021
What is -246023402 (base 7) in base 13?
-32ac428
What is 57443 (base 10) in base 13?
201b9
-4a91a (base 12) to base 9
-164254
-110776 (base 9) to base 2
-10000001011000110
Convert -230020222 (base 4) to base 12.
-8874a
-2838813 (base 10) to base 12
-b4a9b9
Convert -4143223434 (base 5) to base 3.
-121010102111201
Convert 12020010122110 (base 3) to base 16.
2a6369
713fcc (base 16) to base 2
11100010011111111001100
What is -27a205 (base 12) in base 8?
-2411645
What is a7215a (base 14) in base 9?
11565307
-91177 (base 14) to base 7
-2651610
Convert -a43b9 (base 12) to base 15.
-439d0
Convert 229a16 (base 13) to base 12.
337286
What is -3701764 (base 9) in base 15?
-29a3ea
What is -102001110022 (base 3) in base 5?
-23430244
112120636 (base 7) to base 6
402420244
What is 33625 (base 14) in base 7?
1026345
-156449 (base 10) to base 16
-26321
-432555544 (base 6) to base 3
-112111002222201
Convert -1121166 (base 7) to base 11.
-95a59
-101231110011 (base 4) to base 13
-c66ba0
What is 2559718 (base 11) in base 7?
52456234
6540b7 (base 12) to base 8
6074213
What is -2903242 (base 11) in base 15?
-68a842
What is 230753 (base 11) in base 12?
158416
Convert 23b995b (base 12) to base 2.
11010100100000100010111
What is 1255255 (base 6) in base 2?
10001000011110011
-100010000010111000011 (base 2) to base 12
-459717
Convert 101100211120 (base 3) to base 10.
204000
22001000022 (base 3) to base 9
261008
What is 402400 (base 5) in base 4?
3020302
Convert -2312033 (base 4) to base 8.
-26617
Convert 41e1e (base 16) to base 14.
704b4
53b003 (base 12) to base 8
5034503
What is 1007225 (base 9) in base 10?
536729
Convert 708456 (base 11) to base 2.
100010101111101110110
What is -503022 (base 8) in base 5?
-20243034
What is -5665389 (base 10) in base 14?
-a76909
What is 212707 (base 11) in base 5?
41342014
Convert -1726862 (base 10) to base 5.
-420224422
What is -412610 (base 8) in base 2?
-100001010110001000
Convert 31a840 (base 12) to base 15.
107c0c
-1002011100111221 (base 3) to base 16
-ec78f2
What is 2001210013 (base 4) in base 7?
4340134
Convert 3432021 (base 5) to base 10.
61511
-1100300012 (base 5) to base 15
-317357
Convert -4537c7 (base 13) to base 11.
-a180a5
Convert 3773193 (base 10) to base 5.
1431220233
What is -751707 (base 9) in base 5?
-103304301
Convert 10001010100010011001 (base 2) to base 9.
1054348
Convert -100984 (base 10) to base 4.
-120221320
What is -34402243 (base 5) in base 10?
-309698
What is -786988 (base 11) in base 9?
-2320621
Convert 1011100001010111 (base 2) to base 9.
71654
Convert 411310 (base 6) to base 15.
9a70
Convert -14484c7 (base 13) to base 9.
-13112341
What is -1a90388 (base 11) in base 10?
-3514299
What is -66110 (base 7) in base 16?
-4088
Convert 32bb13 (base 14) to base 8.
6444445
-1340210 (base 6) to base 15
-17466
Convert 454525 (base 8) to base 4.
211211111
Convert 5c429 (base 15) to base 14.
794c4
-86875 (base 11) to base 14
-33d9a
Convert -1314001 (base 6) to base 11.
-4a227
What is 10110011111111011 (base 2) in base 6?
1550351
-4472e6 (base 16) to base 4
-101013023212
-40400a5 (base 11) to base 10
-7144923
Convert 77eb0 (base 15) to base 16.
5d183
Convert -2521047 (base 8) to base 12.
-297347
Convert -10265061 (base 7) to base 3.
-1122100222020
-12302010133 (base 4) to base 11
-100488a
-1a1487 (base 13) to base 8
-2410657
What is 12858 (base 12) in base 14?
9392
What is 89a426 (base 11) in base 12?
591a3b
2133003300 (base 4) to base 7
5352300
What is 1213118 (base 10) in base 3?
2021122002022
What is 56ed8 (base 15) in base 8?
1034370
Convert 111021112220 (base 3) to base 14.
6b384
Convert -1001111111110001011011 (base 2) to base 5.
-1132324012
b89f0 (base 16) to base 11
477172
Convert 43dea (base 15) to base 14.
588c2
34012023 (base 6) to base 14
1ca9b1
What is 32cf23 (base 16) in base 7?
40205644
What is 11111000000110110 (base 2) in base 15?
2798a
What is 864864 (base 9) in base 4?
1331310310
What is 213344313 (base 5) in base 9?
1650206
-1143300 (base 8) to base 2
-1001100011011000000
What is 12a9c (base 14) in base 5?
2433002
What is -1e596 (base 15) in base 8?
-301505
What is -44245404 (base 7) in base 12?
-1338979
W